{"id":35,"date":"2016-11-07T18:11:14","date_gmt":"2016-11-07T18:11:14","guid":{"rendered":"http:\/\/die-camera.com\/?page_id=35"},"modified":"2025-08-15T15:51:28","modified_gmt":"2025-08-15T13:51:28","slug":"pass-portraits-p","status":"publish","type":"page","link":"https:\/\/die-camera.com\/?page_id=35","title":{"rendered":"PASS-PORTRAITS"},"content":{"rendered":"<h4><span style=\"color: #000000;\">Mit unseren zertifizierten ID-Pass-Portraits in Premiumqualit\u00e4t sehen Sie einfach gut aus.<\/span><\/h4>\n<ul>\n<li>\n<h5><strong>ID-Passbildcard mit Identcode zur dreimaligen ( 3 x ) Verwendung innerhalb eines halben Jahres oder<br \/>\n<\/strong><\/h5>\n<\/li>\n<li>\n<h5><strong>Passportraits &#8211; biometrisch im 4-er-Set in Spitzenqualit\u00e4t vom Profi in sch\u00f6n. Ja, das gibt es.<br \/>\n<\/strong><\/h5>\n<\/li>\n<\/ul>\n<div class=\"et_pb_module et_pb_text et_pb_text_8 et_pb_text_align_left et_pb_bg_layout_light\">\n<div class=\"et_pb_text_inner\">\n<h3>Passportraits<\/h3>\n<\/div>\n<\/div>\n<div class=\"et_pb_module et_pb_text et_pb_text_9 et_pb_text_align_left et_pb_bg_layout_light\">\n<div class=\"et_pb_text_inner\">\n<h5 style=\"text-align: left;\"><u>Mo.\u00a0 \u00a0 \u00a0 \u00a0 \u00a0 \u00a0 \u00a010:00 Uhr \u2013 17:00 Uhr ohne Termin<br \/>\nDi. Mi. Do.\u00a0\u00a0 10:00 Uhr \u2013 13:00 Uhr ohne Termin<br \/>\nFr.\u00a0 \u00a0 \u00a0 \u00a0 \u00a0 \u00a0 \u00a0 \u00a010:00 Uhr \u2013 17:00 Uhr ohne Termin<\/u><\/h5>\n<h5>Au\u00dferhalb dieser Zeiten mit Terminvereinbarung.<\/h5>\n<p>&nbsp;<\/p>\n<\/div>\n<\/div>\n<h5><strong>Wichtig:<\/strong> Ab dem 1. Mai 2025 ist eine neue gesetzliche Regelung in Kraft getreten.<\/h5>\n<h5>Informationen zu diesem Thema:\u00a0\u00a0 <a href=\"https:\/\/alfo-passbild.com\/fotograf-in-der-naehe\/#uig-store-map__map\">Ihr Fotograf in der N\u00e4he<\/a><\/h5>\n<p><img loading=\"lazy\" decoding=\"async\" class=\"alignnone wp-image-3003\" src=\"https:\/\/die-camera.com\/wp-content\/uploads\/2025\/01\/alfo-PB-webBANNER-870x320px-vorbereitend-02-0125-500x184.jpg\" alt=\"\" width=\"739\" height=\"272\" srcset=\"https:\/\/die-camera.com\/wp-content\/uploads\/2025\/01\/alfo-PB-webBANNER-870x320px-vorbereitend-02-0125-500x184.jpg 500w, https:\/\/die-camera.com\/wp-content\/uploads\/2025\/01\/alfo-PB-webBANNER-870x320px-vorbereitend-02-0125-768x282.jpg 768w, https:\/\/die-camera.com\/wp-content\/uploads\/2025\/01\/alfo-PB-webBANNER-870x320px-vorbereitend-02-0125.jpg 870w\" sizes=\"auto, (max-width: 739px) 100vw, 739px\" \/><\/p>\n<p>&nbsp;<\/p>\n<p><img loading=\"lazy\" decoding=\"async\" class=\"wp-image-2877 alignleft\" src=\"https:\/\/die-camera.com\/wp-content\/uploads\/2024\/12\/PASS-EU-01-394x500.jpg\" alt=\"\" width=\"359\" height=\"456\" srcset=\"https:\/\/die-camera.com\/wp-content\/uploads\/2024\/12\/PASS-EU-01-394x500.jpg 394w, https:\/\/die-camera.com\/wp-content\/uploads\/2024\/12\/PASS-EU-01-768x974.jpg 768w, https:\/\/die-camera.com\/wp-content\/uploads\/2024\/12\/PASS-EU-01.jpg 893w\" sizes=\"auto, (max-width: 359px) 100vw, 359px\" \/><\/p>\n<p><img loading=\"lazy\" decoding=\"async\" class=\"wp-image-2880 alignleft\" src=\"https:\/\/die-camera.com\/wp-content\/uploads\/2024\/12\/PASS-EU-02-397x500.jpg\" alt=\"\" width=\"363\" height=\"457\" srcset=\"https:\/\/die-camera.com\/wp-content\/uploads\/2024\/12\/PASS-EU-02-397x500.jpg 397w, https:\/\/die-camera.com\/wp-content\/uploads\/2024\/12\/PASS-EU-02-768x967.jpg 768w, https:\/\/die-camera.com\/wp-content\/uploads\/2024\/12\/PASS-EU-02.jpg 901w\" sizes=\"auto, (max-width: 363px) 100vw, 363px\" \/><\/p>\n<h5><\/h5>\n<h5><\/h5>\n<h5><\/h5>\n<h5><\/h5>\n<h5><\/h5>\n<h5><\/h5>\n<h5><\/h5>\n<h5><\/h5>\n<h5><\/h5>\n<h5><\/h5>\n<h5><\/h5>\n<div class=\"et_pb_module et_pb_text et_pb_text_0 et_pb_text_align_left et_pb_bg_layout_light\">\n<div class=\"et_pb_text_inner\">\n<h2 data-pm-slice=\"1 3 []\"><\/h2>\n<h2 data-pm-slice=\"1 3 []\"><span style=\"color: #000000;\"><strong>Vorteile digitaler Passfotos mit dem E-Passbild-Verfahren:<\/strong><\/span><\/h2>\n<p data-pm-slice=\"1 1 []\"><span style=\"color: #000000;\"><strong>Das E-Passfoto-Verfahren bietet zahlreiche Vorteile, die Ihnen den gesamten Prozess erleichtern und Ihnen maximale Sicherheit garantieren:<\/strong><\/span><\/p>\n<ul data-spread=\"false\">\n<li><span style=\"color: #000000;\"><strong>Passfoto einfach machen lassen<\/strong>: F\u00fcr Sie \u00e4ndert sich nicht viel. Termin vereinbaren und vorbeikommen.<br \/>\n<\/span><\/li>\n<li><span style=\"color: #000000;\"><strong>Einhaltung biometrischer Standards<\/strong>: Alle Fotos werden gepr\u00fcft, um den gesetzlichen Anforderungen zu entsprechen.<\/span><\/li>\n<li><span style=\"color: #000000;\"><strong>Digitale \u00dcbermittlung<\/strong>: Ihr digitales Passfoto wird sicher und verschl\u00fcsselt \u00fcber die Cloud \u00fcbertragen und ist mittels QR-Code abrufbar.<\/span><\/li>\n<li><span style=\"color: #000000;\"><strong>QR-Code zur Identifikation<\/strong>: Einfaches Verfahren f\u00fcr eine reibungslose Bearbeitung.<\/span><\/li>\n<li><span style=\"color: #000000;\"><strong>Bildwiederverwendung<\/strong>: Ihr Bild wird sicher gespeichert, sodass es bei Bedarf innerhalb von 6 Monaten 3 x erneut verwendet werden kann. Ja und das das ist ein entscheidender Mehrwert den Sie nur bei uns haben.<\/span><\/li>\n<\/ul>\n<h1><\/h1>\n<h1><\/h1>\n<h1><span style=\"color: #000000;\">Digitale biometrische Passbilder \u2013 Einfach und bequem vom Fotografen in Ihrer N\u00e4he<\/span><\/h1>\n<\/div>\n<\/div>\n<div class=\"et_pb_module et_pb_text et_pb_text_1 et_pb_text_align_left et_pb_bg_layout_light\">\n<div class=\"et_pb_text_inner\">\n<p><span style=\"color: #000000;\">Wir bieten Ihnen digitale Passfotos, die wir sorgf\u00e4ltig auf die <strong>biometrischen Anforderungen<\/strong> pr\u00fcfen und die perfekt f\u00fcr <strong>Reisep\u00e4sse, Personalausweise<\/strong> und andere hoheitliche Dokumente geeignet sind.<\/span><\/p>\n<p><span style=\"color: #000000;\"><strong>Wichtig:<\/strong> Ab dem 1. Mai 2025 ist eine neue gesetzliche Regelung in Kraft getreten, nach der Passfotos in Deutschland digital und sicher an die Beh\u00f6rden \u00fcbermittelt werden m\u00fcssen. Gedruckte Passbilder oder selbst aufgenommene Fotos k\u00f6nnen ab diesem Zeitpunkt nicht mehr beim Amt eingereicht werden. Statt auf unpers\u00f6nliche Fotos zu setzen, die direkt auf dem Amt gemacht werden, profitieren Sie beim Fotografen von professioneller Bildqualit\u00e4t und einem Ergebnis, das Sie gerne vorzeigen.<\/span><\/p>\n<\/div>\n<\/div>\n<hr \/>\n<p>&nbsp;<\/p>\n<p>&nbsp;<\/p>\n<hr \/>\n<div id=\"comp-j7kfcstn\" class=\"BaOVQ8 tz5f0K comp-j7kfcstn wixui-rich-text\" data-testid=\"richTextElement\">\n<hr \/>\n<div id=\"comp-j7kfcstn\" class=\"BaOVQ8 tz5f0K comp-j7kfcstn wixui-rich-text\" data-testid=\"richTextElement\">\n<h6 class=\"font_8 wixui-rich-text__text\" style=\"text-align: center;\"><span class=\"wixui-rich-text__text\">DIE CAMERA | FOTOGRAFIE<br \/>\n<\/span><\/h6>\n<h6 class=\"font_8 wixui-rich-text__text\" style=\"text-align: center;\"><span class=\"wixui-rich-text__text\">PORTRAITS &amp; HEADSHOTS<br \/>\n<\/span><\/h6>\n<h6 class=\"font_8 wixui-rich-text__text\" style=\"text-align: center;\"><span class=\"wixui-rich-text__text\">B\u00fcnder Str. 402\u00a0 32120 Hiddenhausen<br \/>\n<\/span><\/h6>\n<h6 class=\"font_8 wixui-rich-text__text\" style=\"text-align: center;\"><span class=\"wixui-rich-text__text\"><span class=\"color_15 wixui-rich-text__text\">05223 1805952 | kontakt@die-camera.com<\/span><\/span><\/h6>\n<\/div>\n<\/div>\n","protected":false},"excerpt":{"rendered":"<p>Mit unseren zertifizierten ID-Pass-Portraits in Premiumqualit\u00e4t sehen Sie einfach gut aus. ID-Passbildcard mit Identcode zur dreimaligen ( 3 x ) Verwendung innerhalb eines halben Jahres oder Passportraits &#8211; biometrisch im 4-er-Set in Spitzenqualit\u00e4t vom Profi in sch\u00f6n. Ja, das gibt es. Passportraits Mo.\u00a0 \u00a0 \u00a0 \u00a0 \u00a0 \u00a0 \u00a010:00 Uhr \u2013 17:00 Uhr ohne Termin&hellip;<\/p>\n","protected":false},"author":1,"featured_media":0,"parent":0,"menu_order":0,"comment_status":"closed","ping_status":"closed","template":"","meta":{"footnotes":""},"class_list":["post-35","page","type-page","status-publish","hentry","no-post-thumbnail","post-grid-2-col","entry"],"_links":{"self":[{"href":"https:\/\/die-camera.com\/index.php?rest_route=\/wp\/v2\/pages\/35","targetHints":{"allow":["GET"]}}],"collection":[{"href":"https:\/\/die-camera.com\/index.php?rest_route=\/wp\/v2\/pages"}],"about":[{"href":"https:\/\/die-camera.com\/index.php?rest_route=\/wp\/v2\/types\/page"}],"author":[{"embeddable":true,"href":"https:\/\/die-camera.com\/index.php?rest_route=\/wp\/v2\/users\/1"}],"replies":[{"embeddable":true,"href":"https:\/\/die-camera.com\/index.php?rest_route=%2Fwp%2Fv2%2Fcomments&post=35"}],"version-history":[{"count":72,"href":"https:\/\/die-camera.com\/index.php?rest_route=\/wp\/v2\/pages\/35\/revisions"}],"predecessor-version":[{"id":3180,"href":"https:\/\/die-camera.com\/index.php?rest_route=\/wp\/v2\/pages\/35\/revisions\/3180"}],"wp:attachment":[{"href":"https:\/\/die-camera.com\/index.php?rest_route=%2Fwp%2Fv2%2Fmedia&parent=35"}],"curies":[{"name":"wp","href":"https:\/\/api.w.org\/{rel}","templated":true}]}}