{"id":38,"date":"2016-11-07T18:13:04","date_gmt":"2016-11-07T18:13:04","guid":{"rendered":"http:\/\/die-camera.com\/?page_id=38"},"modified":"2025-04-08T13:53:32","modified_gmt":"2025-04-08T11:53:32","slug":"bewerbungsaufnahmen-businessaufnahmen","status":"publish","type":"page","link":"https:\/\/die-camera.com\/?page_id=38","title":{"rendered":"BUSINESS"},"content":{"rendered":"<div class=\"container\">\n<h1 class=\"font_0 wixui-rich-text__text\"><span class=\"wixui-rich-text__text\">HEADSHOTS Bewerbung &amp; Socialmedia<\/span><\/h1>\n<h3><\/h3>\n<h3 class=\"font_0 wixui-rich-text__text\" style=\"text-align: left;\"><span class=\"wixui-rich-text__text\" style=\"color: #000000;\">Karriereaufnahmen . Headshots . SocialMedia Profile . Autorenportraits<\/span><\/h3>\n<\/div>\n<p>&nbsp;<\/p>\n<div class=\"container\">\n<h5 style=\"text-align: left;\"><!-- Final Tiles Grid Gallery for WordPress v3.6.13 free --><style>#ftg-11 .tile .icon { color:#ffffff; }#ftg-11 .ftg-items .loading-bar i { background:#666; }#ftg-11 .ftg-items .loading-bar { background:#fff; }#ftg-11 .tile .icon { font-size:12px; }#ftg-11 .tile .icon { margin: -6px 0 0 -6px; }#ftg-11 .tile .caption-block .text-wrapper span.text { font-size:12px; }#ftg-11 .tile .caption-outside .text-wrapper span.text { font-size:12px; }#ftg-11 .tile .caption-block .text-wrapper span.title { font-size:14px; }#ftg-11 .tile .caption-outside .text-wrapper span.title { font-size:14px; }#ftg-11 .tile { background-color: transparent; }#ftg-11 .tile .caption-block .text-wrapper span.text { color: #ffffff; }#ftg-11 .tile .caption-block .text-wrapper span.title { color: #ffffff; }#ftg-11 .tile .caption-outside .text-wrapper span.text { color: #ffffff; }#ftg-11 .tile .caption-outside .text-wrapper span.title { color: #ffffff; }#ftg-11 .tile .ftg-social a { color: #ffffff; }#ftg-11 .tile .caption-block { transition-duration:0.25s; }#ftg-11 .tile .tile-inner:before { background-color: #000000; }#ftg-11 .tile .tile-inner:before { background-color: rgba(0, 0, 0, 0.8); }#ftg-11 .tile:hover img {-moz-transform: -moz-rotate(0deg) -moz-scale(0) ;-webkit-transform: -webkit-rotate(0deg) -webkit-scale(0) ;-o-transform: -o-rotate(0deg) -o-scale(0) ;-ms-transform: -ms-rotate(0deg) -ms-scale(0) ;transform: rotate(0deg) scale(0) ;}<\/style><a name=\"1\"><\/a><div class=\"final-tiles-gallery  ftg-hover-enabled caption-inside  caption-none caption-middle caption-center\" id=\"ftg-11\" style=\"width: 100%\"><div class='ftg-items'><div  class='tile ftg-preload  '><a title=\"\" data-lightbox='ftg-11' rel='ftg-11'  class=' tile-inner  ftg-lightbox' href='https:\/\/die-camera.com\/wp-content\/uploads\/2017\/01\/13938-BEWD-01.jpg' ><img alt='' class='item skip-lazy' data-class='item' data-ftg-source='https:\/\/die-camera.com\/wp-content\/uploads\/2017\/01\/13938-BEWD-01.jpg' src='https:\/\/die-camera.com\/wp-content\/uploads\/2017\/01\/13938-BEWD-01.jpg' width='1063' height='756' \/><\/a><div class='ftg-social'><\/div><\/div><div  class='tile ftg-preload  '><a title=\"\" data-lightbox='ftg-11' rel='ftg-11'  class=' tile-inner  ftg-lightbox' href='https:\/\/die-camera.com\/wp-content\/uploads\/2017\/01\/14326-01.jpg' ><img alt='' class='item skip-lazy' data-class='item' data-ftg-source='https:\/\/die-camera.com\/wp-content\/uploads\/2017\/01\/14326-01.jpg' src='https:\/\/die-camera.com\/wp-content\/uploads\/2017\/01\/14326-01.jpg' width='1063' height='756' \/><\/a><div class='ftg-social'><\/div><\/div><div  class='tile ftg-preload  '><a title=\"STUDIO\" data-lightbox='ftg-11' rel='ftg-11'  class=' tile-inner  ftg-lightbox' href='https:\/\/die-camera.com\/wp-content\/uploads\/2025\/01\/22243-BEWDS-01-1600x1086.jpg' ><img alt='STUDIO' class='item skip-lazy' data-class='item' data-ftg-source='https:\/\/die-camera.com\/wp-content\/uploads\/2025\/01\/22243-BEWDS-01-1600x1086.jpg' src='https:\/\/die-camera.com\/wp-content\/uploads\/2025\/01\/22243-BEWDS-01-1600x1086.jpg' width='869' height='590' \/><div class='caption-block'><div class='text-wrapper'><span class='text'>STUDIO<\/span><\/div><\/div><\/a><div class='ftg-social'><\/div><\/div><div  class='tile ftg-preload  '><a title=\"\" data-lightbox='ftg-11' rel='ftg-11'  class=' tile-inner  ftg-lightbox' href='https:\/\/die-camera.com\/wp-content\/uploads\/2017\/01\/13761-BEW-001.jpg' ><img alt='' class='item skip-lazy' data-class='item' data-ftg-source='https:\/\/die-camera.com\/wp-content\/uploads\/2017\/01\/13761-BEW-001.jpg' src='https:\/\/die-camera.com\/wp-content\/uploads\/2017\/01\/13761-BEW-001.jpg' width='1063' height='756' \/><\/a><div class='ftg-social'><\/div><\/div><div  class='tile ftg-preload  '><a title=\"\" data-lightbox='ftg-11' rel='ftg-11'  class=' tile-inner  ftg-lightbox' href='https:\/\/die-camera.com\/wp-content\/uploads\/2019\/12\/16197-BEWD-02-1.jpg' ><img alt='' class='item skip-lazy' data-class='item' data-ftg-source='https:\/\/die-camera.com\/wp-content\/uploads\/2019\/12\/16197-BEWD-02-1.jpg' src='https:\/\/die-camera.com\/wp-content\/uploads\/2019\/12\/16197-BEWD-02-1.jpg' width='1181' height='1181' \/><\/a><div class='ftg-social'><\/div><\/div><div  class='tile ftg-preload  '><a title=\"\" data-lightbox='ftg-11' rel='ftg-11'  class=' tile-inner  ftg-lightbox' href='https:\/\/die-camera.com\/wp-content\/uploads\/2019\/12\/17815-BEWD-01-1.jpg' ><img alt='' class='item skip-lazy' data-class='item' data-ftg-source='https:\/\/die-camera.com\/wp-content\/uploads\/2019\/12\/17815-BEWD-01-1.jpg' src='https:\/\/die-camera.com\/wp-content\/uploads\/2019\/12\/17815-BEWD-01-1.jpg' width='1063' height='768' \/><\/a><div class='ftg-social'><\/div><\/div><div  class='tile ftg-preload  '><a title=\"\" data-lightbox='ftg-11' rel='ftg-11'  class=' tile-inner  ftg-lightbox' href='https:\/\/die-camera.com\/wp-content\/uploads\/2019\/12\/16573-01-1.jpg' ><img alt='' class='item skip-lazy' data-class='item' data-ftg-source='https:\/\/die-camera.com\/wp-content\/uploads\/2019\/12\/16573-01-1.jpg' src='https:\/\/die-camera.com\/wp-content\/uploads\/2019\/12\/16573-01-1.jpg' width='1063' height='756' \/><\/a><div class='ftg-social'><\/div><\/div><div  class='tile ftg-preload  '><a title=\"\" data-lightbox='ftg-11' rel='ftg-11'  class=' tile-inner  ftg-lightbox' href='https:\/\/die-camera.com\/wp-content\/uploads\/2019\/12\/16722-BEWD-01_01-1.jpg' ><img alt='' class='item skip-lazy' data-class='item' data-ftg-source='https:\/\/die-camera.com\/wp-content\/uploads\/2019\/12\/16722-BEWD-01_01-1.jpg' src='https:\/\/die-camera.com\/wp-content\/uploads\/2019\/12\/16722-BEWD-01_01-1.jpg' width='1063' height='1063' \/><\/a><div class='ftg-social'><\/div><\/div><div  class='tile ftg-preload  '><a title=\"\" data-lightbox='ftg-11' rel='ftg-11'  class=' tile-inner  ftg-lightbox' href='https:\/\/die-camera.com\/wp-content\/uploads\/2025\/04\/18577-BEWD-01.jpg' ><img alt='' class='item skip-lazy' data-class='item' data-ftg-source='https:\/\/die-camera.com\/wp-content\/uploads\/2025\/04\/18577-BEWD-01.jpg' src='https:\/\/die-camera.com\/wp-content\/uploads\/2025\/04\/18577-BEWD-01.jpg' width='1323' height='957' \/><\/a><div class='ftg-social'><\/div><\/div><div  class='tile ftg-preload  '><a title=\"STUDIO\" data-lightbox='ftg-11' rel='ftg-11'  class=' tile-inner  ftg-lightbox' href='https:\/\/die-camera.com\/wp-content\/uploads\/2024\/12\/22370-BEWD-03-1600x1135.jpg' ><img alt='STUDIO' class='item skip-lazy' data-class='item' data-ftg-source='https:\/\/die-camera.com\/wp-content\/uploads\/2024\/12\/22370-BEWD-03-1600x1135.jpg' src='https:\/\/die-camera.com\/wp-content\/uploads\/2024\/12\/22370-BEWD-03-1600x1135.jpg' width='869' height='616' \/><div class='caption-block'><div class='text-wrapper'><span class='text'>STUDIO<\/span><\/div><\/div><\/a><div class='ftg-social'><\/div><\/div><div  class='tile ftg-preload  '><a title=\"\" data-lightbox='ftg-11' rel='ftg-11'  class=' tile-inner  ftg-lightbox' href='https:\/\/die-camera.com\/wp-content\/uploads\/2019\/12\/17855-BEWD-02-1.jpg' ><img alt='' class='item skip-lazy' data-class='item' data-ftg-source='https:\/\/die-camera.com\/wp-content\/uploads\/2019\/12\/17855-BEWD-02-1.jpg' src='https:\/\/die-camera.com\/wp-content\/uploads\/2019\/12\/17855-BEWD-02-1.jpg' width='1181' height='827' \/><\/a><div class='ftg-social'><\/div><\/div><div  class='tile ftg-preload  '><a title=\"\" data-lightbox='ftg-11' rel='ftg-11'  class=' tile-inner  ftg-lightbox' href='https:\/\/die-camera.com\/wp-content\/uploads\/2019\/12\/15940-02-1.jpg' ><img alt='' class='item skip-lazy' data-class='item' data-ftg-source='https:\/\/die-camera.com\/wp-content\/uploads\/2019\/12\/15940-02-1.jpg' src='https:\/\/die-camera.com\/wp-content\/uploads\/2019\/12\/15940-02-1.jpg' width='1063' height='756' \/><\/a><div class='ftg-social'><\/div><\/div><div  class='tile ftg-preload  '><a title=\"\" data-lightbox='ftg-11' rel='ftg-11'  class=' tile-inner  ftg-lightbox' href='https:\/\/die-camera.com\/wp-content\/uploads\/2017\/01\/13879-BEWD-01.jpg' ><img alt='' class='item skip-lazy' data-class='item' data-ftg-source='https:\/\/die-camera.com\/wp-content\/uploads\/2017\/01\/13879-BEWD-01.jpg' src='https:\/\/die-camera.com\/wp-content\/uploads\/2017\/01\/13879-BEWD-01.jpg' width='1063' height='756' \/><\/a><div class='ftg-social'><\/div><\/div><div  class='tile ftg-preload  '><a title=\"\" data-lightbox='ftg-11' rel='ftg-11'  class=' tile-inner  ftg-lightbox' href='https:\/\/die-camera.com\/wp-content\/uploads\/2024\/11\/21285-BEWD-03.jpg' ><img alt='' class='item skip-lazy' data-class='item' data-ftg-source='https:\/\/die-camera.com\/wp-content\/uploads\/2024\/11\/21285-BEWD-03.jpg' src='https:\/\/die-camera.com\/wp-content\/uploads\/2024\/11\/21285-BEWD-03.jpg' width='1323' height='957' \/><\/a><div class='ftg-social'><\/div><\/div><div  class='tile ftg-preload  '><a title=\"STUDIO\" data-lightbox='ftg-11' rel='ftg-11'  class=' tile-inner  ftg-lightbox' href='https:\/\/die-camera.com\/wp-content\/uploads\/2024\/12\/2235-BEWD-02-1600x1179.jpg' ><img alt='STUDIO' class='item skip-lazy' data-class='item' data-ftg-source='https:\/\/die-camera.com\/wp-content\/uploads\/2024\/12\/2235-BEWD-02-1600x1179.jpg' src='https:\/\/die-camera.com\/wp-content\/uploads\/2024\/12\/2235-BEWD-02-1600x1179.jpg' width='869' height='640' \/><div class='caption-block'><div class='text-wrapper'><span class='text'>STUDIO<\/span><\/div><\/div><\/a><div class='ftg-social'><\/div><\/div><div  class='tile ftg-preload  '><a title=\"STUDIO\" data-lightbox='ftg-11' rel='ftg-11'  class=' tile-inner  ftg-lightbox' href='https:\/\/die-camera.com\/wp-content\/uploads\/2024\/12\/22314-BEWDS-01-1600x1065.jpg' ><img alt='STUDIO' class='item skip-lazy' data-class='item' data-ftg-source='https:\/\/die-camera.com\/wp-content\/uploads\/2024\/12\/22314-BEWDS-01-1600x1065.jpg' src='https:\/\/die-camera.com\/wp-content\/uploads\/2024\/12\/22314-BEWDS-01-1600x1065.jpg' width='869' height='578' \/><div class='caption-block'><div class='text-wrapper'><span class='text'>STUDIO<\/span><\/div><\/div><\/a><div class='ftg-social'><\/div><\/div><div  class='tile ftg-preload  '><a title=\"STUDIO\" data-lightbox='ftg-11' rel='ftg-11'  class=' tile-inner  ftg-lightbox' href='https:\/\/die-camera.com\/wp-content\/uploads\/2025\/02\/23466-BEWD-02-1600x1074.jpg' ><img alt='STUDIO' class='item skip-lazy' data-class='item' data-ftg-source='https:\/\/die-camera.com\/wp-content\/uploads\/2025\/02\/23466-BEWD-02-1600x1074.jpg' src='https:\/\/die-camera.com\/wp-content\/uploads\/2025\/02\/23466-BEWD-02-1600x1074.jpg' width='869' height='583' \/><div class='caption-block'><div class='text-wrapper'><span class='text'>STUDIO<\/span><\/div><\/div><\/a><div class='ftg-social'><\/div><\/div><\/div><\/div><\/h5>\n<\/div>\n<hr \/>\n<div class=\"container\">\n<h4>Hochwertige Businessfotos helfen Ihnen!<\/h4>\n<h6>Mit hochwertigen Businessfotos pr\u00e4sentieren Sie sich erfolgreich:<\/h6>\n<h6>im Internet<br \/>\nin der Presse<br \/>\nin Unternehmens- und Mitarbeiterzeitschriften<br \/>\nauf Buchumschl\u00e4gen z. B. als Autor<br \/>\nbei Werbe-, PR- oder Casting-Agenturen, sowie Galerien<br \/>\nbei Vortr\u00e4gen und Kongressen und in Fachzeitschriften<br \/>\nin Katalogen, Brosch\u00fcren und Anzeigen<br \/>\nin der gesamten Au\u00dfendarstellung eines Unternehmens, z. B. als F\u00fchrungskraft oder Mitarbeiter mit Kundenkontakt<br \/>\nals leitende Person in Unternehmen, Verb\u00e4nden, Vereinen, Stiftungen, Clubs, Parteien oder Hochschulen<\/h6>\n<h6>Sie ben\u00f6tigen f\u00fcr all diese Anl\u00e4sse Businessfotos, mit denen Sie sich wohlf\u00fchlen und mit denen Sie gerne in die \u00d6ffentlichkeit treten.<\/h6>\n<h6><span style=\"color: #333333;\"><a style=\"color: #333333;\" href=\"https:\/\/die-camera.com\/?page_id=11\">Hier noch ein paar weitergehende Informationen. LINK<\/a><\/span><\/h6>\n<p>&nbsp;<\/p>\n<h5><\/h5>\n<h5><\/h5>\n<h5><\/h5>\n<h5><\/h5>\n<h5><\/h5>\n<h5><\/h5>\n<h5><\/h5>\n<h5><\/h5>\n<h5><\/h5>\n<h5><\/h5>\n<h5><\/h5>\n<h5><\/h5>\n<hr \/>\n<div class=\"_2fS9E\" data-testid=\"static-text-element\">\n<div class=\"VMMI-\">\n<div class=\"\">\n<hr \/>\n<\/div>\n<\/div>\n<\/div>\n<\/div>\n<hr \/>\n<p>&nbsp;<\/p>\n<p>&nbsp;<\/p>\n<hr \/>\n<div id=\"comp-j7kfcstn\" class=\"BaOVQ8 tz5f0K comp-j7kfcstn wixui-rich-text\" data-testid=\"richTextElement\">\n<h6><\/h6>\n<h6 style=\"text-align: center;\"><\/h6>\n<div id=\"comp-j7kfcstn\" class=\"BaOVQ8 tz5f0K comp-j7kfcstn wixui-rich-text\" data-testid=\"richTextElement\">\n<h6 class=\"font_8 wixui-rich-text__text\" style=\"text-align: center;\"><span class=\"wixui-rich-text__text\">DIE CAMERA | FOTOGRAFIE<br \/>\n<\/span><\/h6>\n<h6 class=\"font_8 wixui-rich-text__text\" style=\"text-align: center;\"><span class=\"wixui-rich-text__text\">PORTRAITS &amp; HEADSHOTS<br \/>\n<\/span><\/h6>\n<h6 class=\"font_8 wixui-rich-text__text\" style=\"text-align: center;\"><span class=\"wixui-rich-text__text\">B\u00fcnder Str. 402\u00a0 32120 Hiddenhausen<br \/>\n<\/span><\/h6>\n<h6 class=\"font_8 wixui-rich-text__text\" style=\"text-align: center;\"><span class=\"wixui-rich-text__text\"><span class=\"color_15 wixui-rich-text__text\">05223 1805952 | kontakt@die-camera.com<\/span><\/span><\/h6>\n<\/div>\n<p>&nbsp;<\/p>\n<\/div>\n","protected":false},"excerpt":{"rendered":"<p>HEADSHOTS Bewerbung &amp; Socialmedia Karriereaufnahmen . Headshots . SocialMedia Profile . Autorenportraits &nbsp; Hochwertige Businessfotos helfen Ihnen! Mit hochwertigen Businessfotos pr\u00e4sentieren Sie sich erfolgreich: im Internet in der Presse in Unternehmens- und Mitarbeiterzeitschriften auf Buchumschl\u00e4gen z. B. als Autor bei Werbe-, PR- oder Casting-Agenturen, sowie Galerien bei Vortr\u00e4gen und Kongressen und in Fachzeitschriften in Katalogen,&hellip;<\/p>\n","protected":false},"author":1,"featured_media":0,"parent":0,"menu_order":0,"comment_status":"closed","ping_status":"closed","template":"","meta":{"footnotes":""},"class_list":["post-38","page","type-page","status-publish","hentry","no-post-thumbnail","post-grid-2-col","entry"],"_links":{"self":[{"href":"https:\/\/die-camera.com\/index.php?rest_route=\/wp\/v2\/pages\/38","targetHints":{"allow":["GET"]}}],"collection":[{"href":"https:\/\/die-camera.com\/index.php?rest_route=\/wp\/v2\/pages"}],"about":[{"href":"https:\/\/die-camera.com\/index.php?rest_route=\/wp\/v2\/types\/page"}],"author":[{"embeddable":true,"href":"https:\/\/die-camera.com\/index.php?rest_route=\/wp\/v2\/users\/1"}],"replies":[{"embeddable":true,"href":"https:\/\/die-camera.com\/index.php?rest_route=%2Fwp%2Fv2%2Fcomments&post=38"}],"version-history":[{"count":102,"href":"https:\/\/die-camera.com\/index.php?rest_route=\/wp\/v2\/pages\/38\/revisions"}],"predecessor-version":[{"id":2840,"href":"https:\/\/die-camera.com\/index.php?rest_route=\/wp\/v2\/pages\/38\/revisions\/2840"}],"wp:attachment":[{"href":"https:\/\/die-camera.com\/index.php?rest_route=%2Fwp%2Fv2%2Fmedia&parent=38"}],"curies":[{"name":"wp","href":"https:\/\/api.w.org\/{rel}","templated":true}]}}